{"id":33,"date":"2011-12-29T15:33:50","date_gmt":"2011-12-29T15:33:50","guid":{"rendered":"http:\/\/localhost\/wordpress\/?page_id=33"},"modified":"2026-03-22T14:00:12","modified_gmt":"2026-03-22T14:00:12","slug":"verein","status":"publish","type":"page","link":"https:\/\/www.lsb-donaueschingen.de\/?page_id=33","title":{"rendered":"Verein"},"content":{"rendered":"\n<p class=\" has-text-align-center eplus-wrapper\">Luftsportvereinigung Schwarzwald-Baar e.V.<br>Postfach 1661<br>78006 Villingen-Schwenningen<\/p>\n\n\n\n<p class=\" has-text-align-center eplus-wrapper\">Vereinsregisternummer beim Amtsgericht Freiburg:&nbsp; VR 600123<\/p>\n\n\n<div class=\"wp-block-image\">\n<figure class=\" aligncenter eplus-wrapper\"><a href=\"http:\/\/www.lsb-donaueschingen.de\/wp-content\/uploads\/2011\/12\/logo2.jpg\"><img loading=\"lazy\" decoding=\"async\" width=\"149\" height=\"145\" src=\"http:\/\/www.lsb-donaueschingen.de\/wp-content\/uploads\/2011\/12\/logo2.jpg\" alt=\"logo2\" class=\"wp-image-2766\"\/><\/a><\/figure><\/div>\n\n\n<p class=\"wp-image-145 eplus-wrapper\">&nbsp;&nbsp;&nbsp;&nbsp;&nbsp;&nbsp; Der Verein wird vertreten durch unsere 4 Vorstandsmitglieder:<\/p>\n\n\n\n<div class=\"wp-block-uagb-container uagb-block-c0a85c53 alignfull uagb-is-root-container\"><div class=\"uagb-container-inner-blocks-wrap\">\n<div class=\"wp-block-uagb-container uagb-block-0d57d279\"><div class=\"wp-block-image\">\n<figure class=\" aligncenter size-large is-resized eplus-wrapper\"><a href=\"https:\/\/www.lsb-donaueschingen.de\/wp-content\/uploads\/2020\/10\/Hirt_Joachim_P1050555-600x800-1.jpg\"><img loading=\"lazy\" decoding=\"async\" width=\"800\" height=\"600\" src=\"https:\/\/www.lsb-donaueschingen.de\/wp-content\/uploads\/2020\/10\/Hirt_Joachim_P1050555-600x800-1.jpg\" alt=\"\" class=\"wp-image-8178\" style=\"width:200px;height:150px\" srcset=\"https:\/\/www.lsb-donaueschingen.de\/wp-content\/uploads\/2020\/10\/Hirt_Joachim_P1050555-600x800-1.jpg 800w, https:\/\/www.lsb-donaueschingen.de\/wp-content\/uploads\/2020\/10\/Hirt_Joachim_P1050555-600x800-1-300x225.jpg 300w, https:\/\/www.lsb-donaueschingen.de\/wp-content\/uploads\/2020\/10\/Hirt_Joachim_P1050555-600x800-1-768x576.jpg 768w, https:\/\/www.lsb-donaueschingen.de\/wp-content\/uploads\/2020\/10\/Hirt_Joachim_P1050555-600x800-1-150x113.jpg 150w\" sizes=\"auto, (max-width: 800px) 100vw, 800px\" \/><\/a><figcaption class=\"wp-element-caption\">Erster Vorstand &#8211; Joachim Hirt<\/figcaption><\/figure><\/div>\n\n\n<p class=\" has-text-align-center eplus-wrapper\">vorstand@flylsb.de<\/p>\n<\/div>\n\n\n\n<div class=\"wp-block-uagb-container uagb-block-a30dd9f4\"><div class=\"wp-block-image\">\n<figure class=\" aligncenter size-large is-resized eplus-wrapper\"><a href=\"https:\/\/www.lsb-donaueschingen.de\/wp-content\/uploads\/2020\/10\/Breithaupt_Tobias_IMG_0628_600x800.jpg\"><img loading=\"lazy\" decoding=\"async\" width=\"800\" height=\"600\" src=\"https:\/\/www.lsb-donaueschingen.de\/wp-content\/uploads\/2020\/10\/Breithaupt_Tobias_IMG_0628_600x800.jpg\" alt=\"\" class=\"wp-image-8179\" style=\"width:200px;height:150px\" srcset=\"https:\/\/www.lsb-donaueschingen.de\/wp-content\/uploads\/2020\/10\/Breithaupt_Tobias_IMG_0628_600x800.jpg 800w, https:\/\/www.lsb-donaueschingen.de\/wp-content\/uploads\/2020\/10\/Breithaupt_Tobias_IMG_0628_600x800-300x225.jpg 300w, https:\/\/www.lsb-donaueschingen.de\/wp-content\/uploads\/2020\/10\/Breithaupt_Tobias_IMG_0628_600x800-768x576.jpg 768w, https:\/\/www.lsb-donaueschingen.de\/wp-content\/uploads\/2020\/10\/Breithaupt_Tobias_IMG_0628_600x800-150x113.jpg 150w\" sizes=\"auto, (max-width: 800px) 100vw, 800px\" \/><\/a><figcaption class=\"wp-element-caption\">Zweiter Vorstand &#8211; Tobias Breithaupt<\/figcaption><\/figure><\/div>\n\n\n<p class=\" eplus-wrapper\"><\/p>\n<\/div>\n<\/div><\/div>\n\n\n\n<div class=\"wp-block-uagb-container uagb-block-55e6337e alignfull uagb-is-root-container\"><div class=\"uagb-container-inner-blocks-wrap\">\n<div class=\"wp-block-uagb-container uagb-block-6f1012c9\">\n<p class=\" eplus-wrapper\"><\/p>\n\n\n\n<div class=\"wp-block-group eplus-wrapper\"><div class=\"wp-block-group__inner-container is-layout-constrained wp-block-group-is-layout-constrained\">\n<p class=\" has-text-align-center eplus-wrapper\">Schriftf\u00fchrer <\/p>\n\n\n\n<p class=\" has-text-align-center eplus-wrapper\">Marius J\u00e4ger<\/p>\n<\/div><\/div>\n\n\n\n<p class=\" has-text-align-center eplus-wrapper\">schriftfuehrer@flylsb.de<\/p>\n<\/div>\n\n\n\n<div class=\"wp-block-uagb-container uagb-block-2a6448c7\">\n<p class=\" eplus-wrapper\"><\/p>\n\n\n\n<div class=\"wp-block-group eplus-wrapper\"><div class=\"wp-block-group__inner-container is-layout-constrained wp-block-group-is-layout-constrained\">\n<p class=\" has-text-align-center eplus-wrapper\">Schatzmeister bzw. Kassier<\/p>\n\n\n\n<p class=\" has-text-align-center eplus-wrapper\">Joseph Scholten<\/p>\n<\/div><\/div>\n\n\n\n<p class=\" has-text-align-center eplus-wrapper\">schatzmeister@flylsb.de<\/p>\n<\/div>\n<\/div><\/div>\n\n\n\n<p class=\" eplus-wrapper\"><a title=\"Brosch\u00fcre\" href=\"http:\/\/www.lsb-donaueschingen.de\/?page_id=253\">Informationsbrosch\u00fcre der Luftsportvereinigung Schwarzwald Baar e.V -:&nbsp; Segelflug &#8230; Sei dabei.<br><\/a> <a title=\"Kurz Info\" href=\"http:\/\/www.lsb-donaueschingen.de\/?page_id=232\">Eine weitere Kurzinformation der LSB<\/a><br><a title=\"Chronik\" href=\"http:\/\/www.lsb-donaueschingen.de\/?page_id=211\">Die Chronik des Vereins<\/a><br><a title=\"Satzung\" href=\"http:\/\/www.lsb-donaueschingen.de\/?page_id=258\">Vereinssatzung<\/a><br>Unsere <a title=\"Beitr\u00e4ge und Geb\u00fchren\" href=\"http:\/\/www.lsb-donaueschingen.de\/?page_id=486\">Preise und Geb\u00fchren<\/a><\/p>\n\n\n\n<p class=\" eplus-wrapper\"><\/p>\n","protected":false},"excerpt":{"rendered":"<p>Luftsportvereinigung Schwarzwald-Baar e.V.Postfach 166178006 Villingen-Schwenningen Vereinsregisternummer beim Amtsgericht Freiburg:&nbsp; VR 600123 &nbsp;&nbsp;&nbsp;&nbsp;&nbsp;&nbsp; Der Verein wird vertreten durch unsere 4 Vorstandsmitglieder: vorstand@flylsb.de Schriftf\u00fchrer Marius J\u00e4ger schriftfuehrer@flylsb.de Schatzmeister bzw. Kassier Joseph Scholten schatzmeister@flylsb.de Informationsbrosch\u00fcre der Luftsportvereinigung Schwarzwald Baar e.V -:&nbsp; Segelflug &#8230; Sei dabei. Eine weitere Kurzinformation der LSBDie Chronik des VereinsVereinssatzungUnsere\u2026<\/p>\n<p class=\"continue-reading-button\"> <a class=\"continue-reading-link\" href=\"https:\/\/www.lsb-donaueschingen.de\/?page_id=33\">Weiterlesen<i class=\"crycon-right-dir\"><\/i><\/a><\/p>\n","protected":false},"author":10,"featured_media":0,"parent":0,"menu_order":3,"comment_status":"closed","ping_status":"closed","template":"","meta":{"_uag_custom_page_level_css":"","editor_plus_copied_stylings":"{}","ngg_post_thumbnail":0,"footnotes":""},"class_list":["post-33","page","type-page","status-publish","hentry"],"aioseo_notices":[],"uagb_featured_image_src":{"full":false,"thumbnail":false,"medium":false,"medium_large":false,"large":false,"1536x1536":false,"2048x2048":false,"custom":false,"post-thumbnail":false,"header":false,"slider":false,"columns":false},"uagb_author_info":{"display_name":"Admin","author_link":"https:\/\/www.lsb-donaueschingen.de\/?author=10"},"uagb_comment_info":0,"uagb_excerpt":"Luftsportvereinigung Schwarzwald-Baar e.V.Postfach 166178006 Villingen-Schwenningen Vereinsregisternummer beim Amtsgericht Freiburg:&nbsp; VR 600123 &nbsp;&nbsp;&nbsp;&nbsp;&nbsp;&nbsp; Der Verein wird vertreten durch unsere 4 Vorstandsmitglieder: vorstand@flylsb.de Schriftf\u00fchrer Marius J\u00e4ger schriftfuehrer@flylsb.de Schatzmeister bzw. Kassier Joseph Scholten schatzmeister@flylsb.de Informationsbrosch\u00fcre der Luftsportvereinigung Schwarzwald Baar e.V -:&nbsp; Segelflug &#8230; Sei dabei. Eine weitere Kurzinformation der LSBDie Chronik des VereinsVereinssatzungUnsere\u2026 Weiterlesen","_links":{"self":[{"href":"https:\/\/www.lsb-donaueschingen.de\/index.php?rest_route=\/wp\/v2\/pages\/33","targetHints":{"allow":["GET"]}}],"collection":[{"href":"https:\/\/www.lsb-donaueschingen.de\/index.php?rest_route=\/wp\/v2\/pages"}],"about":[{"href":"https:\/\/www.lsb-donaueschingen.de\/index.php?rest_route=\/wp\/v2\/types\/page"}],"author":[{"embeddable":true,"href":"https:\/\/www.lsb-donaueschingen.de\/index.php?rest_route=\/wp\/v2\/users\/10"}],"replies":[{"embeddable":true,"href":"https:\/\/www.lsb-donaueschingen.de\/index.php?rest_route=%2Fwp%2Fv2%2Fcomments&post=33"}],"version-history":[{"count":28,"href":"https:\/\/www.lsb-donaueschingen.de\/index.php?rest_route=\/wp\/v2\/pages\/33\/revisions"}],"predecessor-version":[{"id":9103,"href":"https:\/\/www.lsb-donaueschingen.de\/index.php?rest_route=\/wp\/v2\/pages\/33\/revisions\/9103"}],"wp:attachment":[{"href":"https:\/\/www.lsb-donaueschingen.de\/index.php?rest_route=%2Fwp%2Fv2%2Fmedia&parent=33"}],"curies":[{"name":"wp","href":"https:\/\/api.w.org\/{rel}","templated":true}]}}