{"id":359,"date":"2012-01-04T15:10:23","date_gmt":"2012-01-04T15:10:23","guid":{"rendered":"http:\/\/www.lsb-donaueschingen.de\/?page_id=359"},"modified":"2017-12-27T16:16:48","modified_gmt":"2017-12-27T16:16:48","slug":"wetter","status":"publish","type":"page","link":"https:\/\/www.lsb-donaueschingen.de\/?page_id=359","title":{"rendered":"Wetter"},"content":{"rendered":"<p style=\"padding-left: 60px;\">Wetter Informationen im Internet gibt es viele!<\/p>\n<p style=\"padding-left: 60px;\">Das aktuelle Wetter ist \u00fcber unsere Webcam und unsere Wetterstation ersichtlich! (siehe links im Sidebar)<\/p>\n<p style=\"padding-left: 60px;\">Hier nur ein paar wenige Links:<\/p>\n<p style=\"padding-left: 60px;\"><a href=\"http:\/\/www.dwd.de\/DE\/fachnutzer\/luftfahrt\/teaser\/luftsportberichte\/luftsportberichte_node.html;jsessionid=CCCB8CEEA8AEF04AAB7D3D872B13941D.live11044\" target=\"_blank\">Segelflugwetterbericht<\/a> des DWD<\/p>\n<p style=\"padding-left: 60px;\"><a href=\"http:\/\/www.wetterzentrale.de\/topkarten\/\" target=\"_blank\">Wetterzentrale &#8211; Topkarten<\/a> &#8211; Ausgew\u00e4hlte Wetterkarten f\u00fcr die Luftfahrt. Verlinkung verschiedener Anbieter<\/p>\n<p style=\"padding-left: 60px;\"><a href=\"http:\/\/www.wetterklima.de\/flug\/flugwetter.htm\" target=\"_blank\">Flugwetter<\/a> &#8211; bei www.wetterklima.de recht guter Segelflugwetterbericht<\/p>\n<p style=\"padding-left: 60px;\"><a href=\"http:\/\/www.meteoschweiz.admin.ch\/web\/de\/wetter.html\" target=\"_blank\">MeteoSchweiz im Dienste der Flugsicherheit<\/a> &#8211; MeteoSchweiz stellt die f\u00fcr die Planung und Durchf\u00fchrung von Fl\u00fcgen verf\u00fcgbaren meteorologischen Unterlagen zur Verf\u00fcgung.<\/p>\n<p style=\"padding-left: 60px;\"><a href=\"http:\/\/www.wetter-online.de\" target=\"_blank\">Wetter-Online.de<\/a> &#8211; Hat Regenradar sowie Daten vom Klippeneck und vielen anderen St\u00e4dten Weltweit und aus der Gegend<\/p>\n<p style=\"padding-left: 60px;\"><a href=\"http:\/\/www.wetter-donaueschingen.de\/\" target=\"_blank\">Private Wettersation<\/a> &#8211; in Donaueschingen &#8211; Hier sind auch alle Webcams der Umgebung zu finden<\/p>\n<p style=\"padding-left: 60px;\"><a href=\"http:\/\/www.niederschlagsradar.de\/\" target=\"_blank\">Niederschlagsradar<\/a><\/p>\n<p style=\"padding-left: 60px;\"><a href=\"http:\/\/www.meteocentrale.ch\/de\/stations.html?info=Wetter%20in%20S%C3%A4ntis&amp;station=W066800&amp;L=1\" target=\"_blank\">Wetterdiagramm<\/a> &#8211; S\u00e4ntis<\/p>\n<p style=\"padding-left: 60px;\"><a href=\"http:\/\/www.meteocentrale.ch\/de\/freizeitwetter\/foehndiagramm.html\" target=\"_blank\">F\u00f6hndiagramm<\/a> &#8211; der Alpen<\/p>\n<p style=\"padding-left: 60px;\"><a href=\"http:\/\/wetterstationen.meteomedia.de\/messnetz\/eu_d.html \" target=\"_blank\">Meteomedia<\/a> &#8211; 4 Tage Vorhersage<\/p>\n<p style=\"padding-left: 60px;\"><a href=\"http:\/\/www.foto-webcam.eu\/webcam\/lienz\/current\/full.jpg\">Webcam <\/a>&#8211; Lienz<\/p>\n","protected":false},"excerpt":{"rendered":"<p>Wetter Informationen im Internet gibt es viele! Das aktuelle Wetter ist \u00fcber unsere Webcam und unsere Wetterstation ersichtlich! (siehe links im Sidebar) Hier nur ein paar wenige Links: Segelflugwetterbericht des DWD Wetterzentrale &#8211; Topkarten &#8211; Ausgew\u00e4hlte Wetterkarten f\u00fcr die Luftfahrt. Verlinkung verschiedener Anbieter Flugwetter &#8211; bei www.wetterklima.de recht guter Segelflugwetterbericht\u2026<\/p>\n<p class=\"continue-reading-button\"> <a class=\"continue-reading-link\" href=\"https:\/\/www.lsb-donaueschingen.de\/?page_id=359\">Weiterlesen<i class=\"crycon-right-dir\"><\/i><\/a><\/p>\n","protected":false},"author":10,"featured_media":0,"parent":39,"menu_order":1,"comment_status":"closed","ping_status":"closed","template":"","meta":{"_uag_custom_page_level_css":"","editor_plus_copied_stylings":"{}","ngg_post_thumbnail":0,"footnotes":""},"class_list":["post-359","page","type-page","status-publish","hentry"],"aioseo_notices":[],"uagb_featured_image_src":{"full":false,"thumbnail":false,"medium":false,"medium_large":false,"large":false,"1536x1536":false,"2048x2048":false,"custom":false,"post-thumbnail":false,"header":false,"slider":false,"columns":false},"uagb_author_info":{"display_name":"Admin","author_link":"https:\/\/www.lsb-donaueschingen.de\/?author=10"},"uagb_comment_info":0,"uagb_excerpt":"Wetter Informationen im Internet gibt es viele! Das aktuelle Wetter ist \u00fcber unsere Webcam und unsere Wetterstation ersichtlich! (siehe links im Sidebar) Hier nur ein paar wenige Links: Segelflugwetterbericht des DWD Wetterzentrale &#8211; Topkarten &#8211; Ausgew\u00e4hlte Wetterkarten f\u00fcr die Luftfahrt. Verlinkung verschiedener Anbieter Flugwetter &#8211; bei www.wetterklima.de recht guter Segelflugwetterbericht\u2026 Weiterlesen","_links":{"self":[{"href":"https:\/\/www.lsb-donaueschingen.de\/index.php?rest_route=\/wp\/v2\/pages\/359","targetHints":{"allow":["GET"]}}],"collection":[{"href":"https:\/\/www.lsb-donaueschingen.de\/index.php?rest_route=\/wp\/v2\/pages"}],"about":[{"href":"https:\/\/www.lsb-donaueschingen.de\/index.php?rest_route=\/wp\/v2\/types\/page"}],"author":[{"embeddable":true,"href":"https:\/\/www.lsb-donaueschingen.de\/index.php?rest_route=\/wp\/v2\/users\/10"}],"replies":[{"embeddable":true,"href":"https:\/\/www.lsb-donaueschingen.de\/index.php?rest_route=%2Fwp%2Fv2%2Fcomments&post=359"}],"version-history":[{"count":12,"href":"https:\/\/www.lsb-donaueschingen.de\/index.php?rest_route=\/wp\/v2\/pages\/359\/revisions"}],"predecessor-version":[{"id":6404,"href":"https:\/\/www.lsb-donaueschingen.de\/index.php?rest_route=\/wp\/v2\/pages\/359\/revisions\/6404"}],"up":[{"embeddable":true,"href":"https:\/\/www.lsb-donaueschingen.de\/index.php?rest_route=\/wp\/v2\/pages\/39"}],"wp:attachment":[{"href":"https:\/\/www.lsb-donaueschingen.de\/index.php?rest_route=%2Fwp%2Fv2%2Fmedia&parent=359"}],"curies":[{"name":"wp","href":"https:\/\/api.w.org\/{rel}","templated":true}]}}