{"id":362,"date":"2012-01-04T15:18:59","date_gmt":"2012-01-04T15:18:59","guid":{"rendered":"http:\/\/www.lsb-donaueschingen.de\/?page_id=362"},"modified":"2017-12-27T16:19:01","modified_gmt":"2017-12-27T16:19:01","slug":"nachbarvereine","status":"publish","type":"page","link":"https:\/\/www.lsb-donaueschingen.de\/?page_id=362","title":{"rendered":"Nachbarvereine"},"content":{"rendered":"<p style=\"padding-left: 60px;\"><strong>Hier die Links zu den Fliegergruppen in der n\u00e4heren Umgebung<a href=\"http:\/\/www.sfg-reiselfingen.de\/\" target=\"_blank\"><br \/>\n<\/a><\/strong><a href=\"http:\/\/www.sfg-reiselfingen.de\/\" target=\"_blank\">Fliegergruppe Reiselfingen<\/a><br \/>\n<a href=\"http:\/\/www.luftsportverein-blumberg.de\/\" target=\"_blank\">Fliegergruppe Blumberg<\/a><br \/>\n<a href=\"http:\/\/www.klippeneck.de\/\" target=\"_blank\">Klippeneck<\/a><br \/>\n<a href=\"http:\/\/www.sfg-binningen.de\/\" target=\"_blank\">Fliegergruppe Binningen<\/a><br \/>\n<a href=\"http:\/\/sfg-singen.de\/home\/\" target=\"_blank\">SFG Singen<\/a><\/p>\n<p style=\"padding-left: 60px;\"><a href=\"http:\/\/www.verkehrslandeplatz-donaueschingen.de\/\" target=\"_blank\">Verkehrslandeplatz Donaueschingen<\/a> &#8211; nun wieder mit Webcam !!<br \/>\n<a href=\"http:\/\/www.flugschule-nikolaus.de\" target=\"_blank\">Flugschule Nickolaus<\/a><\/p>\n<p style=\"padding-left: 60px;\"><strong>Und ein paar Links zu unseren Verb\u00e4nden<\/strong><br \/>\n<a href=\"http:\/\/www.bwlv.cc\/\" target=\"_blank\">BWLV<\/a> &#8211; Baden-W\u00fcrttembergischer Luftfahrtverband e.V. mit vielen weiteren Links wie z.B. Flieger\u00e4rzte<br \/>\n<a href=\"http:\/\/www.daec.de\/\" target=\"_blank\">DAEC<\/a> &#8211; Deutscher Aero Club e.V<br \/>\n<a href=\"http:\/\/www.segelfliegen.ch\/\" target=\"_blank\">Segelflugverband der Schweiz<\/a><br \/>\n<a href=\"http:\/\/www.streckenflug.ch\" target=\"_blank\">Streckenflug CH<\/a><br \/>\n<a href=\"http:\/\/www.streckenflug.at\/index.php\" target=\"_blank\">Streckenflug \u00d6sterreich<\/a> &#8211; ( sehr gut )<\/p>\n<p style=\"padding-left: 60px;\">&nbsp;<\/p>\n<p>&nbsp;<\/p>\n","protected":false},"excerpt":{"rendered":"<p>Hier die Links zu den Fliegergruppen in der n\u00e4heren Umgebung Fliegergruppe Reiselfingen Fliegergruppe Blumberg Klippeneck Fliegergruppe Binningen SFG Singen Verkehrslandeplatz Donaueschingen &#8211; nun wieder mit Webcam !! Flugschule Nickolaus Und ein paar Links zu unseren Verb\u00e4nden BWLV &#8211; Baden-W\u00fcrttembergischer Luftfahrtverband e.V. mit vielen weiteren Links wie z.B. Flieger\u00e4rzte DAEC &#8211;\u2026<\/p>\n<p class=\"continue-reading-button\"> <a class=\"continue-reading-link\" href=\"https:\/\/www.lsb-donaueschingen.de\/?page_id=362\">Weiterlesen<i class=\"crycon-right-dir\"><\/i><\/a><\/p>\n","protected":false},"author":10,"featured_media":0,"parent":39,"menu_order":2,"comment_status":"closed","ping_status":"closed","template":"","meta":{"_uag_custom_page_level_css":"","editor_plus_copied_stylings":"{}","ngg_post_thumbnail":0,"footnotes":""},"class_list":["post-362","page","type-page","status-publish","hentry"],"aioseo_notices":[],"uagb_featured_image_src":{"full":false,"thumbnail":false,"medium":false,"medium_large":false,"large":false,"1536x1536":false,"2048x2048":false,"custom":false,"post-thumbnail":false,"header":false,"slider":false,"columns":false},"uagb_author_info":{"display_name":"Admin","author_link":"https:\/\/www.lsb-donaueschingen.de\/?author=10"},"uagb_comment_info":0,"uagb_excerpt":"Hier die Links zu den Fliegergruppen in der n\u00e4heren Umgebung Fliegergruppe Reiselfingen Fliegergruppe Blumberg Klippeneck Fliegergruppe Binningen SFG Singen Verkehrslandeplatz Donaueschingen &#8211; nun wieder mit Webcam !! Flugschule Nickolaus Und ein paar Links zu unseren Verb\u00e4nden BWLV &#8211; Baden-W\u00fcrttembergischer Luftfahrtverband e.V. mit vielen weiteren Links wie z.B. Flieger\u00e4rzte DAEC &#8211;\u2026 Weiterlesen","_links":{"self":[{"href":"https:\/\/www.lsb-donaueschingen.de\/index.php?rest_route=\/wp\/v2\/pages\/362","targetHints":{"allow":["GET"]}}],"collection":[{"href":"https:\/\/www.lsb-donaueschingen.de\/index.php?rest_route=\/wp\/v2\/pages"}],"about":[{"href":"https:\/\/www.lsb-donaueschingen.de\/index.php?rest_route=\/wp\/v2\/types\/page"}],"author":[{"embeddable":true,"href":"https:\/\/www.lsb-donaueschingen.de\/index.php?rest_route=\/wp\/v2\/users\/10"}],"replies":[{"embeddable":true,"href":"https:\/\/www.lsb-donaueschingen.de\/index.php?rest_route=%2Fwp%2Fv2%2Fcomments&post=362"}],"version-history":[{"count":13,"href":"https:\/\/www.lsb-donaueschingen.de\/index.php?rest_route=\/wp\/v2\/pages\/362\/revisions"}],"predecessor-version":[{"id":6406,"href":"https:\/\/www.lsb-donaueschingen.de\/index.php?rest_route=\/wp\/v2\/pages\/362\/revisions\/6406"}],"up":[{"embeddable":true,"href":"https:\/\/www.lsb-donaueschingen.de\/index.php?rest_route=\/wp\/v2\/pages\/39"}],"wp:attachment":[{"href":"https:\/\/www.lsb-donaueschingen.de\/index.php?rest_route=%2Fwp%2Fv2%2Fmedia&parent=362"}],"curies":[{"name":"wp","href":"https:\/\/api.w.org\/{rel}","templated":true}]}}