{"id":589,"date":"2012-03-24T21:45:34","date_gmt":"2012-03-24T21:45:34","guid":{"rendered":"http:\/\/www.lsb-donaueschingen.de\/?page_id=589"},"modified":"2013-04-16T20:58:46","modified_gmt":"2013-04-16T20:58:46","slug":"feuchtigkeit-die-seele-der-thermik","status":"publish","type":"page","link":"https:\/\/www.lsb-donaueschingen.de\/?page_id=589","title":{"rendered":"Feuchtigkeit \u2013 die Seele der Thermik!"},"content":{"rendered":"<p><a href=\"http:\/\/www.lsb-donaueschingen.de\/wp-content\/uploads\/2012\/03\/120921-Thermik-Artikel-V3.3-comp.pdf\"><img loading=\"lazy\" decoding=\"async\" class=\"alignleft size-full wp-image-532\" title=\"Thermik_blum\" alt=\"\" src=\"http:\/\/www.lsb-donaueschingen.de\/wp-content\/uploads\/2012\/02\/Thermik_blum1.jpg\" width=\"150\" height=\"150\" \/><\/a>Im folgenden findet Ihr einen (teilweise etwas theoretischen) Artikel zu einem\u00a0 Thema, mit dem sich unser Vereinskamerad Henry Blum seit langem befasst. Ihr seid eingeladen, diesen Artikel mal anzuschauen, zu studieren und auch zu kommentieren.<\/p>\n<p>Es verwundert, da\u00df sich mit diesem Thema sonst niemand ernsthaft auseinandersetzt. Die einzige Ausnahme ist ein Schweizer Gleitschirmflieger, Jean Oberson, der mit einem hoch aufl\u00f6senden Me\u00dfger\u00e4t im Himalaya und in den Alpen die (allerdings hangnahe) Thermik untersucht hat und im Ansatz sehr \u00e4hnliche Messreihen publiziert hat, die ebenfalls best\u00e4tigen, da\u00df die Temperaturdifferenzen in der Thermik sehr gering sind und die Feuchtigkeit eine Rolle spielt. &#8211; Auch er hat mehrere Artikel ver\u00f6ffentlicht, in denen er sich kritisch mit den \u00fcberall publizierten Lehrmeinungen zur vermeintlich labilen Schichtung der Atmosph\u00e4re (an guten Thermiktagen) auseinander setzt und auch er hat diese Theorien ins Reich der Phantasie verwiesen.<\/p>\n<p><a href=\"http:\/\/www.lsb-donaueschingen.de\/wp-content\/uploads\/2012\/03\/120921-Thermik-Artikel-V3.3-comp.pdf\">120921 Thermik Artikel V3.3 comp<\/a><\/p>\n","protected":false},"excerpt":{"rendered":"<p>Im folgenden findet Ihr einen (teilweise etwas theoretischen) Artikel zu einem\u00a0 Thema, mit dem sich unser Vereinskamerad Henry Blum seit langem befasst. Ihr seid eingeladen, diesen Artikel mal anzuschauen, zu studieren und auch zu kommentieren. Es verwundert, da\u00df sich mit diesem Thema sonst niemand ernsthaft auseinandersetzt. Die einzige Ausnahme ist\u2026<\/p>\n<p class=\"continue-reading-button\"> <a class=\"continue-reading-link\" href=\"https:\/\/www.lsb-donaueschingen.de\/?page_id=589\">Weiterlesen<i class=\"crycon-right-dir\"><\/i><\/a><\/p>\n","protected":false},"author":10,"featured_media":0,"parent":1076,"menu_order":1,"comment_status":"open","ping_status":"closed","template":"","meta":{"_uag_custom_page_level_css":"","editor_plus_copied_stylings":"{}","ngg_post_thumbnail":0,"footnotes":""},"class_list":["post-589","page","type-page","status-publish","hentry"],"aioseo_notices":[],"uagb_featured_image_src":{"full":false,"thumbnail":false,"medium":false,"medium_large":false,"large":false,"1536x1536":false,"2048x2048":false,"custom":false,"post-thumbnail":false,"header":false,"slider":false,"columns":false},"uagb_author_info":{"display_name":"Admin","author_link":"https:\/\/www.lsb-donaueschingen.de\/?author=10"},"uagb_comment_info":0,"uagb_excerpt":"Im folgenden findet Ihr einen (teilweise etwas theoretischen) Artikel zu einem\u00a0 Thema, mit dem sich unser Vereinskamerad Henry Blum seit langem befasst. Ihr seid eingeladen, diesen Artikel mal anzuschauen, zu studieren und auch zu kommentieren. Es verwundert, da\u00df sich mit diesem Thema sonst niemand ernsthaft auseinandersetzt. Die einzige Ausnahme ist\u2026 Weiterlesen","_links":{"self":[{"href":"https:\/\/www.lsb-donaueschingen.de\/index.php?rest_route=\/wp\/v2\/pages\/589","targetHints":{"allow":["GET"]}}],"collection":[{"href":"https:\/\/www.lsb-donaueschingen.de\/index.php?rest_route=\/wp\/v2\/pages"}],"about":[{"href":"https:\/\/www.lsb-donaueschingen.de\/index.php?rest_route=\/wp\/v2\/types\/page"}],"author":[{"embeddable":true,"href":"https:\/\/www.lsb-donaueschingen.de\/index.php?rest_route=\/wp\/v2\/users\/10"}],"replies":[{"embeddable":true,"href":"https:\/\/www.lsb-donaueschingen.de\/index.php?rest_route=%2Fwp%2Fv2%2Fcomments&post=589"}],"version-history":[{"count":11,"href":"https:\/\/www.lsb-donaueschingen.de\/index.php?rest_route=\/wp\/v2\/pages\/589\/revisions"}],"predecessor-version":[{"id":1085,"href":"https:\/\/www.lsb-donaueschingen.de\/index.php?rest_route=\/wp\/v2\/pages\/589\/revisions\/1085"}],"up":[{"embeddable":true,"href":"https:\/\/www.lsb-donaueschingen.de\/index.php?rest_route=\/wp\/v2\/pages\/1076"}],"wp:attachment":[{"href":"https:\/\/www.lsb-donaueschingen.de\/index.php?rest_route=%2Fwp%2Fv2%2Fmedia&parent=589"}],"curies":[{"name":"wp","href":"https:\/\/api.w.org\/{rel}","templated":true}]}}